s 17 + e0339?
e0351
In base 14, what is -21 - 8ab44?
-8ab65
In base 8, what is 176 + -1230363?
-1230165
In base 16, what is 1d0e + 483?
2191
In base 4, what is -2022222 + 13302021?
11213133
In base 8, what is -130566113 - 3?
-130566116
In base 12, what is -29326 - -b3?
-29233
In base 16, what is 565e251 + 0?
565e251
In base 8, what is 317531645 - 3?
317531642
In base 8, what is 2 + -63237504?
-63237502
In base 14, what is 39 - 2a88?
-2a4d
In base 2, what is 0 + 110101110010101101111101110?
110101110010101101111101110
In base 6, what is -505245151 - 22?
-505245213
In base 3, what is -100212 - -2100211012?
2100110100
In base 10, what is -7720 + 1798?
-5922
In base 12, what is 934 + 23403?
24137
In base 7, what is 34234121506 - -3?
34234121512
In base 3, what is 200012221022101 - 111?
200012221021220
In base 14, what is -bad598 - -32?
-bad566
In base 14, what is -8 + 36254c4?
36254ba
In base 8, what is -47530730 + -5?
-47530735
In base 6, what is -520532 + -31442?
-552414
In base 6, what is -3 - 2154525110?
-2154525113
In base 11, what is 150a394 - 2?
150a392
In base 9, what is -237178282 + 4?
-237178277
In base 8, what is 4 - -30117060?
30117064
In base 11, what is 5 + -5272aa56?
-5272aa51
In base 10, what is -257618 - 14?
-257632
In base 8, what is 1 - -1115345372?
1115345373
In base 9, what is -6605 - 16151?
-23756
In base 16, what is e35 + a660?
b495
In base 7, what is 5013 - 41514?
-33501
In base 6, what is 445212 - 2030?
443142
In base 6, what is 3 + -4455122?
-4455115
In base 4, what is 1022000 - 100223?
321111
In base 16, what is 39bef67 - 2?
39bef65
In base 7, what is -211534 - -2603?
-205631
In base 7, what is -4432 - -13542?
6110
In base 6, what is 12105050440 + -2?
12105050434
In base 4, what is -1 - 1202211301?
-1202211302
In base 11, what is 8a + -2940?
-2861
In base 16, what is -5 + 713c0?
713bb
In base 3, what is -111012 - 2122202020120?
-2122202201202
In base 9, what is 4683 - -1350?
6143
In base 5, what is 3033310 - -10240?
3044100
In base 14, what is -b3040d + -5b?
-b3046a
In base 14, what is -1a64958 + -4?
-1a6495c
In base 10, what is -9 - -60639?
60630
In base 12, what is 2 - -967a443?
967a445
In base 8, what is -4 + 1123330067?
1123330063
In base 4, what is 11 + 1023003103330?
1023003110001
In base 15, what is -75a + -12dd6?
-13641
In base 8, what is -66263 + -44316?
-132601
In base 13, what is 2 - 106b8680?
-106b867b
In base 7, what is 12 - 23652401?
-23652356
In base 10, what is 53647 + -838?
52809
In base 6, what is 3000251003 - 5?
3000250554
In base 15, what is -a02ce - 4?
-a02d3
In base 11, what is 555342a - 12?
5553418
In base 15, what is -b04 + -2ded?
-3a02
In base 8, what is 6477 - -12405?
21104
In base 15, what is -a63 - -1223?
6b0
In base 12, what is 39676 + 9?
39683
In base 13, what is -106a92 + -77?
-106b39
In base 4, what is 31 - 20031323101?
-20031323010
In base 5, what is 400 + 12032143?
12033043
In base 7, what is 20262 + 2512?
23104
In base 15, what is -1 + -2b46cbb?
-2b46cbc
In base 12, what is 730 - 107078?
-106548
In base 7, what is -35316232444 + 5?
-35316232436
In base 16, what is -aab7 + -32?
-aae9
In base 15, what is -3ec22918 - 1?
-3ec22919
In base 3, what is -10 - 10022120211002?
-10022120211012
In base 2, what is -10010100100 - -10111100101011?
10101010000111
In base 2, what is -1010011000011 + 101111000?
-1001101001011
In base 10, what is -4001967 + 3?
-4001964
In base 11, what is 3548 - -12709?
16156
In base 7, what is -11440 + -131640?
-143410
In base 6, what is -25 + 2153253?
2153224
In base 10, what is -3676899 - 4?
-3676903
In base 16, what is -14eeb + 25?
-14ec6
In base 6, what is -11012 - 4314221?
-4325233
In base 8, what is 4401 + 21254?
25655
In base 10, what is -638554 + 213?
-638341
In base 7, what is 250341 - -415?
251056
In base 15, what is 0 + -18332c?
-18332c
In base 8, what is 0 + -2423136776?
-2423136776
In base 6, what is 1454 + -1345150?
-1343252
In base 10, what is -179 - -329397?
329218
In base 14, what is 4d71 + -1ad2?
327d
In base 4, what is -2000220331212 + 0?
-2000220331212
In base 14, what is 3bb3b - -68b?
3c3c8
In base 7, what is -454 + -10066?
-10553
In base 7, what is 452541 + -36?
452502
In base 16, what is -33 + 14f07d?
14f04a
In base 12, what is -466531 - 19?
-46654a
In base 6, what is -4 - 210530454?
-210530502
In base 6, what is 3301134 + 142?
3301320
In base 14, what is -94d2741 - 7?
-94d2748
In base 6, what is 11 - 222244253?
-222244242
In base 2, what is 1001101000011011001110 + -10100?
1001101000011010111010
In base 8, what is 31 - 5344203?
-5344152
In base 8, what is -1 + -3343347?
-3343350
In base 9, what is -3101 + 338?
-2652
In base 13, what is 32c63cb + -6?
32c63c5
In base 16, what is 1 + 8868d74?
8868d75
In base 3, what is 21 + -1022110212111?
-1022110212020
In base 9, what is 1732652232 - 2?
1732652230
In base 7, what is 30 + -16451151?
-16451121
In base 9, what is -3 + -73786511?
-73786514
In base 4, what is 10 + 112012112230?
112012112300
In base 5, what is -1034142231124 - -3?
-1034142231121
In base 10, what is 63660 + -316?
63344
In base 15, what is 1623b - 292?
15e99
In base 5, what is 202 + -142132034?
-142131332
In base 16, what is -4 - b9202?
-b9206
In base 13, what is 3 - -109402c?
1094032
In base 6, what is -22004210 - 1340?
-22005550
In base 15, what is -ae - 2dbb?
-2e7a
In base 9, what is -21078 + -17352?
-38441
In base 9, what is -283857 + 2448?
-281408
In base 13, what is -631 + 45393?
44a62
In base 3, what is 1220002102 + -1100?
1220001002
In base 12, what is -14 - 12603a?
-126052
In base 6, what is 1412331232 + 5?
1412331241
In base 7, what is 251632636 + 15?
251632654
In base 4, what is 321011231 + -220?
321011011
In base 13, what is 1a + -261688?
-26166b
In base 14, what is 3 + -3b2798?
-3b2795
In base 10, what is -464412 + -33?
-464445
In base 13, what is 8c6c62a + 1?
8c6c62b
In base 10, what is 426 + 74183?
74609
In base 6, what is -4415 + 404542?
400123
In base 11, what is 33066 - -508?
33573
In base 13, what is -29a49 - 1848?
-2b594
In base 6, what is -420 + 1011322?
1010502
In base 16, what is d810c + -33?
d80d9
In base 10, what is 50448113 - 5?
50448108
In base 14, what is 5 - 3c3a8?
-3c3a3
In base 5, what is -30011204 - -211?
-30010443
In base 8, what is 17136013 + 3?
17136016
In base 6, what is -25050104 - -12212?
-25033452
In base 3, what is -120022020000 + 2?
-120022012221
In base 3, what is 111101 - 101020110002?
-101012221201
In base 3, what is -100212020 - -2220201?
-20221112
In base 7, what is -403 - 645402?
-646105
In base 11, what is 4 + -a62a991?
-a62a988
In base 16, what is 26b - 3290a?
-3269f
In base 9, what is 1546766 - -124?
1547001
In base 14, what is -58da - c0b?
-6707
In base 13, what is 4 + 1534742?
1534746
In base 16, what is -13348a - -26?
-133464
In base 8, what is -4631573 - 15?
-4631610
In base 13, what is 11 - 337453?
-337442
In base 15, what is -8 - -30d4a3b?
30d4a33
In base 12, what is 1201 - -330b?
4510
In base 11, what is 12a03 - -9?
12a11
In base 14, what is -3 - -130a27?
130a24
In base 11, what is 3171a26 - 4?
3171a22
In base 9, what is 4827373 - -1?
4827374
In base 11, what is 7844 - 918a?
-1446
In base 15, what is 10bc - -71a?
17d7
In base 3, what is -11102211101 + -112011200?
-11222000001
In base 12, what is 7b87 - -a73?
8a3a
In base 11, what is -1933126 - -2?
-1933124
In base 7, what is -1666624 + -116?
-2000043
In base 13, what is 85b8 - a865?
-227a
In base 2, what is 110000000000111000 + 101001?
110000000001100001
In base 16, what is fe + -3f2e7?
-3f1e9
In base 16, what is 122d - -110?
133d
In base 6, what is -21151531 - -25?
-21151502
In base 7, what is -163635 - 2636?
-166604
In base 4, what is 11321333230 + 13?
11321333303
In base 2, what is 1 + 1001011010101001000001010111?
1001011010101001000001011000
In base 15, what is -8324c - -5?
-83247
In base 2, what is -1010011 - 11100100110011011?
-11100100111101110
In base 8, what is -1352 - -22727?
21355
In base 10, what is 102 + -22432?
-22330
In base 13, what is -173757 - 997?
-174421
In base 9, what is -8556017 - 50?
-8556067
In base 12, what is -5 - -595738?
595733
In base 6, what is 22 - -11351551?
11352013
In base 7, what is -1151520543 + -22?
-1151520565
In base 6, what is 3513 + 1252114?
1300031
In base 11, what is -a92 - 6078?
-705